{"id":12,"date":"2026-03-18T14:54:03","date_gmt":"2026-03-18T14:54:03","guid":{"rendered":"http:\/\/www.diyarbakirapart.com\/index.php\/carol-john\/"},"modified":"2026-03-19T16:45:07","modified_gmt":"2026-03-19T16:45:07","slug":"carol-john","status":"publish","type":"page","link":"http:\/\/www.diyarbakirapart.com\/index.php\/carol-john\/","title":{"rendered":"Diyarbak\u0131r Apart Otel"},"content":{"rendered":"<p>Firmam\u0131z vergi m\u00fckellefi olup,her zaman ula\u015f\u0131p muhatap bulabilece\u011finiz sabit ofis telefonumuz ve ofisimiz mevcuttur<\/p>\n","protected":false},"excerpt":{"rendered":"<p>Firmam\u0131z vergi m\u00fckellefi olup,her zaman ula\u015f\u0131p muhatap bulabilece\u011finiz sabit ofis telefonumuz ve ofisimiz mevcuttur<\/p>\n","protected":false},"author":1,"featured_media":42,"parent":0,"menu_order":0,"comment_status":"closed","ping_status":"closed","template":"","meta":{"footnotes":""},"class_list":["post-12","page","type-page","status-publish","has-post-thumbnail","hentry"],"_links":{"self":[{"href":"http:\/\/www.diyarbakirapart.com\/index.php\/wp-json\/wp\/v2\/pages\/12","targetHints":{"allow":["GET"]}}],"collection":[{"href":"http:\/\/www.diyarbakirapart.com\/index.php\/wp-json\/wp\/v2\/pages"}],"about":[{"href":"http:\/\/www.diyarbakirapart.com\/index.php\/wp-json\/wp\/v2\/types\/page"}],"author":[{"embeddable":true,"href":"http:\/\/www.diyarbakirapart.com\/index.php\/wp-json\/wp\/v2\/users\/1"}],"replies":[{"embeddable":true,"href":"http:\/\/www.diyarbakirapart.com\/index.php\/wp-json\/wp\/v2\/comments?post=12"}],"version-history":[{"count":0,"href":"http:\/\/www.diyarbakirapart.com\/index.php\/wp-json\/wp\/v2\/pages\/12\/revisions"}],"wp:featuredmedia":[{"embeddable":true,"href":"http:\/\/www.diyarbakirapart.com\/index.php\/wp-json\/wp\/v2\/media\/42"}],"wp:attachment":[{"href":"http:\/\/www.diyarbakirapart.com\/index.php\/wp-json\/wp\/v2\/media?parent=12"}],"curies":[{"name":"wp","href":"https:\/\/api.w.org\/{rel}","templated":true}]}}